00 is divided by 36.
32
Calculate the remainder when 82 is divided by 43.
39
What is the remainder when 157 is divided by 80?
77
Calculate the remainder when 944 is divided by 11.
9
Calculate the remainder when 362 is divided by 14.
12
Calculate the remainder when 3157 is divided by 786.
13
What is the remainder when 178 is divided by 47?
37
What is the remainder when 3602 is divided by 38?
30
Calculate the remainder when 191 is divided by 82.
27
What is the remainder when 365 is divided by 64?
45
Calculate the remainder when 274 is divided by 11.
10
What is the remainder when 199 is divided by 98?
3
What is the remainder when 280 is divided by 65?
20
What is the remainder when 89 is divided by 46?
43
Calculate the remainder when 39939 is divided by 42.
39
What is the remainder when 332 is divided by 161?
10
Calculate the remainder when 336 is divided by 41.
8
Calculate the remainder when 28 is divided by 16.
12
What is the remainder when 3730 is divided by 37?
30
What is the remainder when 577 is divided by 74?
59
What is the remainder when 85 is divided by 12?
1
What is the remainder when 3536 is divided by 29?
27
Calculate the remainder when 957 is divided by 108.
93
What is the remainder when 344 is divided by 116?
112
What is the remainder when 47 is divided by 24?
23
Calculate the remainder when 1557 is divided by 130.
127
What is the remainder when 545 is divided by 50?
45
Calculate the remainder when 283 is divided by 36.
31
What is the remainder when 530 is divided by 269?
261
Calculate the remainder when 1906 is divided by 319.
311
Calculate the remainder when 90 is divided by 3.
0
Calculate the remainder when 151 is divided by 17.
15
What is the remainder when 225 is divided by 12?
9
Calculate the remainder when 519 is divided by 105.
99
Calculate the remainder when 3360 is divided by 19.
16
Calculate the remainder when 1592 is divided by 145.
142
What is the remainder when 185 is divided by 25?
10
What is the remainder when 1141 is divided by 144?
133
Calculate the remainder when 1613 is divided by 10.
3
What is the remainder when 1747 is divided by 281?
61
What is the remainder when 167 is divided by 17?
14
What is the remainder when 141 is divided by 17?
5
What is the remainder when 268 is divided by 15?
13
What is the remainder when 69 is divided by 8?
5
What is the remainder when 66 is divided by 34?
32
What is the remainder when 334 is divided by 7?
5
What is the remainder when 79 is divided by 41?
38
What is the remainder when 13 is divided by 5?
3
What is the remainder when 322 is divided by 81?
79
What is the remainder when 2168 is divided by 145?
138
Calculate the remainder when 233 is divided by 64.
41
Calculate the remainder when 1604 is divided by 15.
14
Calculate the remainder when 446 is divided by 68.
38
What is the remainder when 118 is divided by 58?
2
Calculate the remainder when 392 is divided by 11.
7
Calculate the remainder when 408 is divided by 246.
162
Calculate the remainder when 1077 is divided by 10.
7
What is the remainder when 16 is divided by 14?
2
Calculate the remainder when 15 is divided by 9.
6
Calculate the remainder when 238 is divided by 60.
58
What is the remainder when 132 is divided by 14?
6
Calculate the remainder when 1898 is divided by 165.
83
What is the remainder when 4312 is divided by 615?
7
Calculate the remainder when 2027 is divided by 70.
67
Calculate the remainder when 365 is divided by 118.
11
What is the remainder when 797 is divided by 47?
45
Calculate the remainder when 61 is divided by 33.
28
What is the remainder when 90 is divided by 8?
2
What is the remainder when 433 is divided by 84?
13
Calculate the remainder when 24 is divided by 7.
3
What is the remainder when 493 is divided by 27?
7
Calculate the remainder when 245 is divided by 80.
5
What is the remainder when 204 is divided by 27?
15
Calculate the remainder when 146 is divided by 134.
12
What is the remainder when 292 is divided by 8?
4
What is the remainder when 2950 is divided by 38?
24
What is the remainder when 1847 is divided by 1824?
23
Calculate the remainder when 341 is divided by 32.
21
Calculate the remainder when 2529 is divided by 115.
114
What is the remainder when 86 is divided by 46?
40
What is the remainder when 582 is divided by 29?
2
Calculate the remainder when 7797 is divided by 156.
153
What is the remainder when 66 is divided by 38?
28
Calculate the remainder when 76 is divided by 43.
33
What is the remainder when 558 is divided by 17?
14
What is the remainder when 2875 is divided by 15?
10
Calculate the remainder when 101 is divided by 29.
14
What is the remainder when 3204 is divided by 401?
397
What is the remainder when 2005 is divided by 2001?
4
Calculate the remainder when 21417 is divided by 85.
82
Calculate the remainder when 257 is divided by 54.
41
Calculate the remainder when 1351 is divided by 68.
59
What is the remainder when 839 is divided by 15?
14
Calculate the remainder when 1982 is divided by 15.
2
Calculate the remainder when 217 is divided by 107.
3
Calculate the remainder when 53 is divided by 8.
5
What is the remainder when 454 is divided by 57?
55
Calculate the remainder when 285 is divided by 103.
79
Calculate the remainder when 919 is divided by 228.
7
What is the remainder when 725 is divided by 17?
11
What is the remainder when 2662 is divided by 41?
38
Calculate the remainder when 871 is divided by 8.
7
Calculate the remainder when 135 is divided by 25.
10
What is the remainder when 120 is divided by 28?
8
What is the remainder when 2416 is divided by 32?
16
What is the remainder when 267 is divided by 18?
15
What is the remainder when 6900 is divided by 14?
12
Calculate the remainder when 261 is divided by 34.
23
Calculate the remainder when 3627 is divided by 10.
7
What is the remainder when 341 is divided by 59?
46
Calculate the remainder when 902 is divided by 9.
2
Calculate the remainder when 1771 is divided by 38.
23
Calculate the remainder when 19400 is divided by 44.
40
Calculate the remainder when 6552 is divided by 2172.
36
Calculate the remainder when 4312 is divided by 309.
295
What is the remainder when 3936 is divided by 1965?
6
Calculate the remainder when 59 is divided by 12.
11
Calculate the remainder when 71 is divided by 21.
8
Calculate the remainder when 522 is divided by 48.
42
Calculate the remainder when 6278 is divided by 18.
14
Calculate the remainder when 163 is divided by 35.
23
Calculate the remainder when 943 is divided by 63.
61
What is the remainder when 265 is divided by 20?
5
Calculate the remainder when 2544 is divided by 844.
12
Calculate the remainder when 75 is divided by 26.
23
What is the remainder when 1760 is divided by 291?
14
Calculate the remainder when 228 is divided by 46.
44
What is the remainder when 3152 is divided by 38?
36
What is the remainder when 492 is divided by 38?
36
What is the remainder when 539 is divided by 20?
19
Calculate the remainder when 34 is divided by 12.
10
Calculate the remainder when 161 is divided by 54.
53
Calculate the remainder when 7293 is divided by 178.
173
Calculate the remainder when 155 is divided by 24.
11
What is the remainder when 36430 is divided by 253?
251
What is the remainder when 1561 is divided by 68?
65
Calculate the remainder when 200 is divided by 7.
4
Calculate the remainder when 29 is divided by 22.
7
What is the remainder when 75 is divided by 29?
17
Calculate the remainder when 181 is divided by 95.
86
What is the remainder when 719 is divided by 40?
39
What is the remainder when 80 is divided by 23?
11
Calculate the remainder when 2300 is divided by 49.
46
What is the remainder when 63 is divided by 13?
11
What is the remainder when 1101 is divided by 12?
9
What is the remainder when 434 is divided by 48?
2
Calculate the remainder when 1004 is divided by 21.
17
What is the remainder when 108 is divided by 22?
20
What is the remainder when 516 is divided by 87?
81
What is the remainder when 8787 is divided by 13?
12
Calculate the remainder when 1697 is divided by 3.
2
Calculate the remainder when 18 is divided by 10.
8
What is the remainder when 1116 is divided by 39?
24
Calculate the remainder when 1853 is divided by 16.
13
What is the remainder when 1403 is div